1)/a - (-19)/5. Suppose v + 17 = 3*t, -3*t + 7 + 7 = -g*v. List the prime factors of t.
2, 3
Let s(u) = 2*u + 5. Let g be s(-7). Let a = g + 12. What are the prime factors of a?
3
Suppose 2*n + 4*a - 11 = n, 3*n - a = 85. What are the prime factors of n?
3
Suppose 2*r + 2 = 4*t + 6, 0 = 5*t. Let s = 0 + r. Suppose -s*o + 6 = 4*i, 3*o - i - 18 = -4*i. What are the prime factors of o?
3
Let o(q) = 4*q + 6. Let j be o(8). Let u = j - 18. List the prime factors of u.
2, 5
Suppose 0 = 4*k + k + 4*t + 79, 3*t = -4*k - 64. Let z = 36 + k. Let v = 28 - z. What are the prime factors of v?
11
Let u(t) = t + 5. Let a be u(8). Let p be (a/(-3))/((-1)/3). Suppose -2*o + p + 13 = 0. What are the prime factors of o?
13
Let w(h) = h + 2. Let n be w(0). Suppose 0 = b + q + 1 - 10, -5*b + n*q + 38 = 0. List the prime factors of ((-3 - 0) + b)*1.
5
What are the prime factors of 2/(-6)*-1 + (-7860)/(-45)?
5, 7
List the prime factors of 6/(-4) - -231*(-7)/(-14).
2, 3, 19
Let y = 37 - -29. What are the prime factors of y?
2, 3, 11
Suppose 16 = 7*g - 3*g. Suppose g*a - 6 - 30 = 0. List the prime factors of a.
3
Let w be (13 - 6/3)*-1. Let h = -21 - -37. Let m = h + w. What are the prime factors of m?
5
Let l be (-6)/3 - (-24)/3. Suppose -l*c + 114 = 24. What are the prime factors of c?
3, 5
Suppose 3*x - 2*x - 1 = -d, 0 = d - 4*x + 4. List the prime factors of 13 + 2 + -3 + d.
2, 3
List the prime factors of 56 - -1 - 2/1*2.
53
Let y = 214 + -121. What are the prime factors of y?
3, 31
Let t = -23 - -13. List the prime factors of (225/t)/((-3)/4).
2, 3, 5
Let q(h) be the first derivative of h**2/2 + 20*h - 10. List the prime factors of q(9).
29
Suppose j = -2*j + 78. What are the prime factors of j?
2, 13
Suppose -2 - 12 = -2*f - 2*c, f - 3 = 3*c. Let m = f - -15. List the prime factors of m.
3, 7
Let d = 123 - 62. What are the prime factors of d?
61
Let r be 76/(-10) - 10/25. Let i = 3 - r. What are the prime factors of i?
11
Suppose -4*n + 2*h = -0*h - 168, 2*n = 4*h + 90. List the prime factors of n.
41
Let i(h) = 1 + 8*h + 6 - 10*h. What are the prime factors of i(-8)?
23
Suppose 5*u - 82 = 373. List the prime factors of u.
7, 13
List the prime factors of (-224)/42*(-150)/8.
2, 5
Let x(b) = b + 1. Let j(g) = -1 + 2*g + g - 4*g. Let r(c) = -5*j(c) - 6*x(c). List the prime factors of r(-8).
7
Suppose 4*a + 8 = -20. Let g(f) be the second derivative of f**4/12 + f**3 + 2*f**2 - 7*f. List the prime factors of g(a).
11
Let v be (-9)/(21/6 - 2). Let m(h) = -h**3 - 5*h**2 + 6*h + 3. Let n be m(v). Suppose 41 = n*k + 2. List the prime factors of k.
13
Let o be 1*(-4)/6*9. Let l(f) = -f**3 - 5*f**2 + 4*f - 1. What are the prime factors of l(o)?
11
Suppose -q + 170 = 3*y + 51, 4*q - 448 = 2*y. List the prime factors of q.
113
Let k(n) = 5*n**3 + n**2 + n - 2. Let l(q) = -4*q**3 - 2*q**2 - 2*q + 1. Let m(r) = 5*k(r) + 6*l(r). Suppose 4*z - 126 + 94 = 0. List the prime factors of m(z).
2
Suppose 4*n = -0*n. Suppose n = 4*u - 14 + 2. List the prime factors of u.
3
Let x = 44 + -11. What are the prime factors of x?
3, 11
Let y be 0 - ((-1 - -1) + 63). Let r = y - -122. Suppose 0 = 4*t + 5*z - 19, 0*t - 3*z - r = -4*t. What are the prime factors of t?
11
Suppose -3*s = -27 - 36. List the prime factors of s.
3, 7
Suppose 0 = 18*f - 5952 + 858. List the prime factors of f.
283
Let q(z) = z**2 + 3*z - 8. What are the prime factors of q(7)?
2, 31
Let h be 1/1 + 6 + -8. List the prime factors of 3 - 24/(h - 1).
3, 5
Suppose 0*k = -2*a + 5*k + 337, 4*a = -2*k + 710. What are the prime factors of a?
2, 11
Let i(m) = m**3 - 5*m**2 + 3*m + 3. Let b be i(4). Let y = 5 + b. What are the prime factors of y?
2
Let q(u) be the second derivative of 2*u**3/3 - 5*u**2/2 - 5*u. What are the prime factors of q(4)?
11
Let t(v) be the first derivative of -v**4/4 + 4*v**3/3 + 2*v**2 + 4*v + 6. What are the prime factors of t(-3)?
5, 11
Let y = -2 + -2. Let t(v) = -v**3 - 3*v**2 + 5. List the prime factors of t(y).
3, 7
Let v(z) = z**2 - 10*z + 8. Suppose 16 = 2*g + 4. Let h = g + 4. What are the prime factors of v(h)?
2
Let x be 5/5 + 58/1. Let t = x + -26. List the prime factors of t.
3, 11
Suppose 0 = -2*k + 5 - 29. Let n = k + 28. List the prime factors of n.
2
Suppose 3*h = h - 2. What are the prime factors of (-5)/(h*(-3)/(-12))?
2, 5
What are the prime factors of (-1 - 0 - -13)*6?
2, 3
Suppose -p + 51 = -0*p. Let g = 89 - p. What are the prime factors of g?
2, 19
What are the prime factors of (-15)/10*-38 + 4?
61
Suppose -3*m = -3*d, -2*m - 2*d + 18 = 2*m. Suppose k + 3 = -m. Let h(s) = -s**2 - 7*s + 4. What are the prime factors of h(k)?
2, 5
Let l(k) = k - 3. Let a(x) = -3*x**3 - 4*x**2 + 2*x + 3. Let j be a(-3). Suppose -3*n + j = 6. What are the prime factors of l(n)?
3
Suppose -g + 87 = 2*g + 4*s, 0 = 5*g + 4*s - 153. List the prime factors of g.
3, 11
Let t be (-88)/5 - 4/10. List the prime factors of 6/(-27) - 112/t.
2, 3
Let l(p) = 6 - 3 + 16*p - 17*p. Let y(k) = -k**2 - 6*k - 3. Let d be y(-6). What are the prime factors of l(d)?
2, 3
Let g(i) = -i**3 + 3*i**2 + 5*i - 4. Let o be g(5). What are the prime factors of 0/(3 + -2) - o?
29
Let c(k) = 2*k**2 - 22*k + 56. List the prime factors of c(13).
2, 3
Let u(x) = -x**2 + 3*x + 1. Let n = 8 - 7. Let l be (n*-4)/(-2 + 0). What are the prime factors of u(l)?
3
Let i = -7 + 9. Suppose 0 = -4*d - i*g - 272, g = -4*d + 3*d - 70. Let s = -45 - d. What are the prime factors of s?
3, 7
List the prime factors of 164*(-2)/12*-6.
2, 41
List the prime factors of ((-54)/135)/(1/(-665)).
2, 7, 19
Suppose -134 = -3*b - 476. List the prime factors of b/(-22) - 4/22.
5
Let r(c) = c + 2. List the prime factors of r(13).
3, 5
Let r be (-58)/(-18) - 4/18. Suppose r*n + n - 12 = 0. Let g = n - -12. What are the prime factors of g?
3, 5
Let y be (-6 + 1)*6/15. Let b be 40/6 + y/3. Suppose 0*h + 5*h - 30 = -5*c, 3*h = 3*c - b. What are the prime factors of c?
2
Let j(d) = -3*d - d - d - 2. Let l be j(-4). Suppose l = 4*q - 6. List the prime factors of q.
2, 3
Let z(f) = -f**3 + 7*f**2 - 5*f - 7. What are the prime factors of z(5)?
2, 3
Let m(i) = i**2 - 10*i + 11. Let c be m(9). Suppose -c*u + 40 = 2*z, z = 2*z - 2*u - 5. What are the prime factors of z?
3, 5
Suppose -8 = 2*k - 4*p, 25 = 5*k - 0*p - p. Let o = 17 + k. Suppose 5*y - 12 = o. List the prime factors of y.
7
Suppose 5*d - 2*h = -82, 1 + 7 = -2*h. Suppose 2*v + 60 = -2*b + 6*b, 5*v + 150 = 5*b. Let x = d - v. List the prime factors of x.
2, 3
What are the prime factors of (2 - (-14)/(-3))*(-234)/8?
2, 3, 13
Suppose 2*m = -m + 3, 4*h + 5*m = 117. What are the prime factors of h?
2, 7
Suppose -t + 6 + 1 = 0. What are the prime factors of t?
7
Let a = 7 - -3. Suppose 5*q + 0 = a. Suppose 5*h = q*h + 9. What are the prime factors of h?
3
Let c(b) = 7*b + 8. Let l(s) = -8*s - 9. Let y(x) = -6*c(x) - 5*l(x). List the prime factors of y(-3).
3
Suppose 0 = -6*g + 275 + 55. What are the prime factors of g?
5, 11
Suppose 0 = 2*g + p - 56 - 12, 5*g - 2*p - 179 = 0. List the prime factors of g.
5, 7
Let p be (-2)/(6/45)*-3. Let t = p + -28. What are the prime factors of t?
17
Let i be ((-1)/3)/((-1)/6). Suppose b - i*b = -10. What are the prime factors of b?
2, 5
Suppose -3*m = -2*k + k - 11, 5*m - 25 = 0. Suppose 0*b - 76 = -k*b. What are the prime factors of b?
19
Let d = -6 + 13. Let b = d + -6. What are the prime factors of 1 + b + -2 + 13?
13
Suppose -3*s + 0 = 24. Let f = 11 + s. Suppose 0*u = -f*u + 15. List the prime factors of u.
5
Let r(y) = y**2 - 4*y - 4. Let x be r(3). Let a(f) = -f**2 - 9*f - 10. Let q be a(x). Suppose 3 = 3*d, q*b - 2*d = 2*d + 32. What are the prime factors of b?
3
Suppose -4*k + 88 = -2*k. List the prime factors of k.
2, 11
Let h(x) = x**3 - x**2 + x + 21. Let r be h(0). Suppose r = 5*b - 8*b. Let i(u) = -u**3 - 8*u**2 - 9*u + 1. What are the prime factors of i(b)?
3, 5
Let b(i) = -6*i - 3. Let y be b(-12). What are the prime factors of (-3)/(-15) - y/(-5)?
2, 7
Let y(u) = 2*u**3 + u + 1. Let q be y(-1). Let b(c) = c**3 + 3*c**2 + 4*c + 2. Let z be b(q). Let n(o) = -3*o - 1. List the prime factors of n(z).
5
Let j(n) be the third derivative of -n**5/60 + 7*n**4/24 - 5*n**3/6 - 2*n**2. Suppose 4*s - 2*v = -0*v + 26, -2*s - 5*v = 5. List the prime factors of j(s).
5
Let u =